tens digit of i?
3
Let q(i) = -3*i**3 - 3*i**2 - 2. What is the units digit of q(-3)?
2
Let a(z) = 6*z + 11. What is the units digit of a(7)?
3
Let b(z) = 5*z**2 - 10*z - 8. Let u(l) = 3*l + 3. Let q be u(-4). Let t(o) = 11*o**2 - 21*o - 16. Let v(p) = q*b(p) + 4*t(p). What is the units digit of v(7)?
1
Suppose 2*y = 5*x - 118, 5*x - 2*y - 115 = 3*y. What is the units digit of x?
4
Let q = -12 + 22. What is the tens digit of q?
1
Let s be (1*-2)/(-2) + 0. Let o(a) = 4*a + 0*a + 0*a - 3*a. What is the units digit of o(s)?
1
Suppose t = 2*t + 1. Let x = 2 + t. What is the units digit of x?
1
Suppose 2*y + 100 = 4*a, 19 + 56 = 3*a + 4*y. Let r = -15 + a. What is the units digit of (-3)/(-5) + 4/r?
1
Suppose -5*y + 271 = -174. What is the units digit of y?
9
Let i(n) = -35*n**3 + n. Let u be i(-2). Suppose k = 5*m - u, 2*m - 5*k - 125 = -0*k. Suppose -5*h = -0*h - m. What is the tens digit of h?
1
Let i be (-3)/1*(0 + -1). Let j(s) = -i + 0 + s - 3*s. What is the units digit of j(-6)?
9
Let g = 8 - 3. What is the units digit of g?
5
Let g = -7 + 2. Let r = g + 16. What is the units digit of r?
1
Let w be (-15)/(-25)*(-1 + 46). Let c = w + 9. What is the tens digit of c?
3
Suppose 0 = 2*h - 5*x - 353, 2 + 3 = 5*x. What is the hundreds digit of h?
1
Let h(x) = -7*x + 1. Let f be h(-1). Suppose f = -5*q + 28. What is the units digit of q?
4
Let b(i) = -i**2 + 5. Let q be b(4). Let l = q + 56. What is the tens digit of l?
4
Suppose 2*o = -4 - 2. Let w be (o - 1)/(4/(-6)). Suppose -t - 5*y + 21 = t, 0 = -t - y + w. What is the units digit of t?
3
Let r(x) = x**2 - 15*x + 17. What is the units digit of r(16)?
3
Let q(x) = -x + 2. Let r(a) = a**3 - 7*a**2 - 7*a - 11. Let h be r(8). Let p be q(h). Suppose 0 = f - p - 0. What is the units digit of f?
5
Let c(z) = -z**3 - 2*z**2 + 3*z + 6. What is the units digit of c(-4)?
6
Let p = 49 + -52. Let y(w) = -4*w - 1. Let b be y(-1). What is the units digit of (b + 42/(-9))*p?
5
Suppose 0*b + 5*b - 5 = 5*m, m + 2*b - 5 = 0. Let v = 7 - m. What is the units digit of v?
6
Suppose -9 = 2*t + t. Let m be (-2 + 7)*(-39)/t. Suppose -o + m = 4*o + 2*g, 0 = -g + 5. What is the units digit of o?
1
Let s be ((-40)/12)/((-4)/6). Suppose 0*g = -3*d - s*g - 19, -3*d = g - 1. What is the units digit of d?
2
Suppose -4*s = -s - 18. Let z(q) = -s*q - 5 + 0 - 10*q**2 + 11*q**2. What is the units digit of z(8)?
1
Suppose 2*r - 2*q - 14 = 0, 3*q + 9 + 3 = 0. What is the units digit of r/(1 - -2)*1?
1
What is the units digit of 15/5 + -4 + 4?
3
What is the tens digit of 6/5*(-660)/(-11)?
7
Let k(y) = -y**3 - 2*y**2 - 3*y - 2. Let x be k(-2). Suppose 0 = 5*g - 3*p + 4, 4*g + x*p = -g + 17. Suppose 7 = o - g. What is the units digit of o?
8
Let l(w) = -w + 32. What is the tens digit of l(0)?
3
Suppose -4*a + 1121 = 3*m, -4*a - 289 = -5*a + m. What is the tens digit of a/14 + (-24)/84?
2
Let c(z) = -z**3 + 11*z**2 - 9*z - 5. Let o = 3 + 7. What is the units digit of c(o)?
5
Let o(z) = 2*z**3 - 2*z. What is the tens digit of o(3)?
4
Suppose -v + 3 = -2*v. What is the units digit of (10 - 4)/(v/(-18))?
6
Let k(r) = r - 5 + 0 + 0*r. What is the units digit of k(6)?
1
Let x(y) = y**3 - 4*y**2 + 3*y - 3. Let n be x(4). Let t = 16 - n. What is the units digit of t?
7
What is the units digit of 516/4 + 5 + (3 - 0)?
7
Let n(s) = 90*s**2 + 1. What is the tens digit of n(1)?
9
Let b = 138 - 90. What is the units digit of b?
8
Suppose -3*k + 170 = -4*w, -k - 5*w = -14 - 30. What is the tens digit of k?
5
Let c(f) = -f**3 + 4*f**2 + 6. Let m be c(5). Let s = -3 + m. What is the units digit of (-12)/10*(7 + s)?
8
Let f(m) = -m**2 - 8*m + 10. Let k be f(-8). What is the tens digit of (-22)/55 - (-274)/k?
2
Let v be (0/(3 + -4))/(-2). Let y be (v/2 - -7) + 3. Suppose -3*t + t + y = 0. What is the units digit of t?
5
Suppose -120 = -2*r - 2*d, 60 = -3*r - d + 236. What is the tens digit of r?
5
Let v(t) be the second derivative of t**4/12 - 7*t**3/6 - 3*t**2/2 - 2*t. What is the units digit of v(8)?
5
Let c(m) = -22*m - 17. What is the tens digit of c(-10)?
0
Suppose 5*h - 20 = -5*w, 4*w - w + 37 = 4*h. Let m = 12 - h. Suppose -5*y - 7 = 4*p, y + 8 = -m*p - 6. What is the units digit of y?
1
Suppose -3 = -k + 2*o + 7, 5*k - 29 = 3*o. What is the units digit of k?
4
Let k = -8 + 4. Let r = 18 + k. What is the tens digit of r?
1
Suppose -2*z + 197 = -5*l, -2*l + 212 = 2*z - 4*l. What is the tens digit of z?
1
Suppose -r + 31 + 9 = 0. Let b = -67 + r. Let j = b + 44. What is the units digit of j?
7
Let t be (-134)/(-8) + (-3)/4. Let y = 31 - t. Suppose 3*c = y + 18. What is the tens digit of c?
1
Let q = 14 + 45. What is the tens digit of (-15)/10 + q/2?
2
Let j = 74 - 38. Let m be (0/(-2) + 1)*j. What is the units digit of (-8)/m - 184/(-18)?
0
Let b(j) = j**2 + j - 7. Let c be (2/(-1))/(12/42). What is the tens digit of b(c)?
3
What is the tens digit of 3/(-1*3/(-28))?
2
Let o(f) = -7*f**2 - 6*f - 11. Let s(i) = 15*i**2 + 13*i + 22. Let d(j) = -13*o(j) - 6*s(j). Let x be d(0). Let w = x + 3. What is the units digit of w?
4
Suppose 2*t - 6*t = -28. Suppose t*b - 110 = 2*b. Suppose 4*l = -4*n + 39 - 3, -b = -2*n + 2*l. What is the units digit of n?
0
Let r = -3 - -6. Suppose 0 = -3*h - r, -3*h + h = -5*q + 22. Suppose -2*d = -2*w - 2*w + 18, q*d + 24 = 5*w. What is the units digit of w?
4
Let g = -12 + 4. Let r(y) = y**2 - 9*y - 5. Let k be r(10). Let t = k - g. What is the units digit of t?
3
Let f be 1/(-2) + (-36)/(-8). Let n(t) = t**3 - 2*t**2 + 2*t - 5. Let v be n(3). Suppose -70 = -f*g + v. What is the units digit of g?
0
Let b(l) be the second derivative of l**4/12 - l**2/2 + l. What is the units digit of b(-2)?
3
Let r be (15 + -2)/((-8)/(-24)). Suppose 0 = v - 5, 2*m + 0*v = v + r. What is the units digit of m?
2
Suppose 0 = 6*r - 2*r - 28. Let h = 10 + r. Suppose -3*k = 2*x - h, 3*k + 1 = 5*x + 11. What is the units digit of k?
5
Let n(o) = 5*o**3 - 1. Let q be n(1). Suppose q*d + 5*g = 4, 3*d - 1 = -3*g + 2. What is the units digit of d?
1
Let f = -2 - 2. Let o(t) = -t**2 - 2*t - 1. Let v(l) = 3*l**2 + 6*l + 4. Let s(g) = 11*o(g) + 4*v(g). What is the tens digit of s(f)?
1
Suppose 3*a = 4*a - 4. Suppose -a*h + 34 = 2. What is the units digit of h?
8
Suppose 0 = 3*g + g - 4. Let q(w) = -2*w**2 + 2*w - 4. Let v(p) = p**2 - p + 1. Let x(z) = g*q(z) + 3*v(z). What is the units digit of x(-1)?
1
Let r = -3 - -9. What is the units digit of (-36)/(-27) - (-226)/r?
9
Let v(t) = -68*t + 85. Let i(r) = -r + 1. Let l(w) = 85*i(w) - v(w). What is the units digit of l(-1)?
7
Let g(p) be the third derivative of 1/24*p**4 + p**2 + 1/6*p**3 + 1/15*p**5 + 0 + 0*p. What is the units digit of g(-1)?
4
Let n = 11 + -2. Let s(t) = t**3 - 10*t**2 + 8*t + 9. Let q be s(n). Suppose q = 2*c - 6 - 8. What is the units digit of c?
7
Let y(a) = a**3 - 3*a**2 - 4*a + 9. What is the units digit of y(6)?
3
Suppose -4*k = -12 - 28. Suppose -4*o + 8 = 5*q, -3*q + 0*o + 5*o = k. Suppose q*b = -2*b + 4. What is the units digit of b?
2
Let c(g) = 6*g**3 + 2*g**2 - 2*g - 3. Let o be c(-2). Let z = -14 - o. Suppose 5*d + 5*y = z, 3*d - 7*d = 3*y - 19. What is the units digit of d?
4
Suppose 0 = 3*w + 2*w - 15. Suppose 4*n - w = -3*u, -3*n = -8*n + 4*u - 4. Suppose 4*l = -8, -4*d - 2*l + n + 28 = 0. What is the units digit of d?
8
Suppose -p + 41 = 5*r, -4*r + 3*p + 48 = -0*r. Suppose 0 = 4*s + 3*t - 0*t + r, 5*s - t - 3 = 0. Suppose -2*m - 2 + 18 = s. What is the units digit of m?
8
Let f = -6 + 9. Let q be (5 - f)*-9 - 1. Let x = -8 - q. What is the units digit of x?
1
Let t(k) = 2*k**2 + 6*k - 7. Let i be t(7). What is the units digit of i/5 + 6/15?
7
Let d(w) = -w + 8. Suppose 3*p - 112 = -p + 4*o, -2*o = -4*p + 112. Suppose -r + 5*h + 0 = -1, -5*r + p = -2*h. What is the units digit of d(r)?
2
Let c(n) = -n**3 - 6*n**2 - 7*n - 6. Let o = 7 - 12. Let z be c(o). What is the units digit of (-7)/(1/z*-2)?
4
Let j = 2 - 1. Suppose j - 17 = -x. What is the tens digit of x?
1
Let x = -68 + 128. What is the tens digit of x?
6
Suppose 0*y - 38 = -2*t - 5*y, -t = -3*y + 3. What is the units digit of t?
9
Let z be (-5)/(-10) + (-1)/2. Suppose 2*i + 2*p - 7*p - 57 = 0, z = 5*i + 2*p - 99. What is the tens digit of i?
2
Suppose -3*v - 4 = -v. Let o be (0 - -1)/((-1)/v). What is the u